{"id":8,"date":"2017-08-03T09:46:24","date_gmt":"2017-08-03T09:46:24","guid":{"rendered":"http:\/\/www.gura.coop\/portal\/?page_id=8"},"modified":"2018-02-27T18:32:55","modified_gmt":"2018-02-27T18:32:55","slug":"historia","status":"publish","type":"page","link":"https:\/\/www.gura.coop\/portal\/historia\/","title":{"rendered":"Historia"},"content":{"rendered":"<div id=\"pl-8\"  class=\"panel-layout\" ><div id=\"pg-8-0\"  class=\"panel-grid panel-no-style\" ><div id=\"pgc-8-0-0\"  class=\"panel-grid-cell\" ><div id=\"panel-8-0-0-0\" class=\"so-panel widget widget_text panel-first-child panel-last-child\" data-index=\"0\" ><h3 class=\"widget-title\">Hist\u00f3rico Cooperativa de Ahorro y Cr\u00e9dito Saulo D. Rodriguez Gura-coop<\/h3>\t\t\t<div class=\"textwidget\"><ul>\n<li style=\"font-weight: 400;\"><span style=\"font-weight: 400;\"><strong>En abril de 1961.<\/strong> Se comenz\u00f3 a contactar al Hon. Alcalde Jaime Serrano, Superintendente de Escuelas, se\u00f1ora Ana Mar\u00eda Salgado, Superintendente Auxiliar de Escuelas, se\u00f1or Rafael Ortiz\n<p><\/span><\/li>\n<li style=\"font-weight: 400;\"><span style=\"font-weight: 400;\"><strong>21 de julio de 1961<\/strong>. Primera reuni\u00f3n de Interesados en el sal\u00f3n de actos de la casa Alcald\u00eda, asistieron 30 personas. Dos representantes de Fomento Cooperativo. Se nombra el Comit\u00e9 organizador Jaime Serrano, Jos\u00e9 Joaqu\u00edn Candelaria, Oscar D\u00e1vila, Rafael Ortiz, Arturo L\u00f3pez Pedro Jos\u00e9 Morales y Ramonita Carrasquillo. Tema de la reuni\u00f3n Filosof\u00eda de la Cooperativa, redactar reglamento y clausulas de incorporaci\u00f3n.\n<p><\/span><\/li>\n<li style=\"font-weight: 400;\"><b>16 de julio.<\/b><span> Esta reuni\u00f3n se anuncio por altoparlantes y se enviaron 500 cartas de promoci\u00f3n. \u00a0Aun as\u00ed \u00a0asistieron 15 personas a la reuni\u00f3n. Ofreci\u00f3 una charla el especialista en cooperativas el se\u00f1or Pacheco de Fomento cooperativo.\n<p><\/span><\/li>\n<li style=\"font-weight: 400;\"><b>24 de julio de 1961<\/b><span style=\"font-weight: 400;\">. Se convoco a la comunidad a trav\u00e9s de cartas del p\u00e1rroco de la Iglesia cat\u00f3lica y de la Iglesia Bautista. Asistieron 30 interesados .Se aprob\u00f3 el reglamento de la cooperativa. Se comenz\u00f3 a trabajar como la <\/span><b>Cooperativa Comunal de Gurabo.<\/b> <span style=\"font-weight: 400;\">Se Constituy\u00f3 la primera Junta de Directores, Comit\u00e9 de Cr\u00e9dito y Comit\u00e9 de Supervisi\u00f3n.\n<p><\/span><\/li>\n<li style=\"font-weight: 400;\"><b>1 de agosto de 1961. <\/b><span>Se consideraron y fueron aprobadas las solicitudes de ingreso de los primeros cincuenta y cuatro (54) socios.<\/span>\n<\/li>\n<li style=\"font-weight: 400;\"><b>15 al 22 de octubre de 1961. <\/b><span style=\"font-weight: 400;\">El Hon. Alcalde Jaime Serrano ley\u00f3 la primera proclama de la semana del cooperativismo. La cooperativa contaba con 113 socios registrados y con un capital de $670.74\n<p><\/span><\/li>\n<li style=\"font-weight: 400;\"><span style=\"font-weight: 400;\"><strong>21 de Noviembre de 1961<\/strong>. Se incorpora en el Departamento de Estado San Juan, Puerto Rico. Se aprueban las normas prestatarias autorizando a ofrecer prestamos con un m\u00e1ximo de $25.00 Primer pr\u00e9stamo se le aprob\u00f3 a Ram\u00f3n Col\u00f3n.\n<p><\/span><\/li>\n<li style=\"font-weight: 400;\"><b>17 y 18 de febrero 1962.<\/b><span> Primera Asamblea Constituyente en el sal\u00f3n de actos del Casino de Gurabo. Asistieron sesenta y dos (62) socios de un total de ciento setenta y un (171) socios.\n<p><\/span><\/li>\n<\/ul>\n<p>En el 2017 Gura Coop cuenta con dos sucursales Pueblo y Celada, con un grupo de trabajo 27 empleados.<\/p>\n<\/div>\n\t\t<\/div><\/div><\/div><div id=\"pg-8-1\"  class=\"panel-grid panel-no-style\" ><div id=\"pgc-8-1-0\"  class=\"panel-grid-cell panel-grid-cell-empty\" ><\/div><\/div><\/div>","protected":false},"excerpt":{"rendered":"<p>En abril de 1961. Se comenz\u00f3 a contactar al Hon. Alcalde Jaime Serrano, Superintendente de Escuelas, se\u00f1ora Ana Mar\u00eda Salgado, Superintendente Auxiliar de Escuelas, se\u00f1or Rafael<span class=\"excerpt-hellip\"> [\u2026]<\/span><\/p>\n","protected":false},"author":1,"featured_media":0,"parent":0,"menu_order":0,"comment_status":"closed","ping_status":"closed","template":"","meta":[],"_links":{"self":[{"href":"https:\/\/www.gura.coop\/portal\/wp-json\/wp\/v2\/pages\/8"}],"collection":[{"href":"https:\/\/www.gura.coop\/portal\/wp-json\/wp\/v2\/pages"}],"about":[{"href":"https:\/\/www.gura.coop\/portal\/wp-json\/wp\/v2\/types\/page"}],"author":[{"embeddable":true,"href":"https:\/\/www.gura.coop\/portal\/wp-json\/wp\/v2\/users\/1"}],"replies":[{"embeddable":true,"href":"https:\/\/www.gura.coop\/portal\/wp-json\/wp\/v2\/comments?post=8"}],"version-history":[{"count":12,"href":"https:\/\/www.gura.coop\/portal\/wp-json\/wp\/v2\/pages\/8\/revisions"}],"predecessor-version":[{"id":389,"href":"https:\/\/www.gura.coop\/portal\/wp-json\/wp\/v2\/pages\/8\/revisions\/389"}],"wp:attachment":[{"href":"https:\/\/www.gura.coop\/portal\/wp-json\/wp\/v2\/media?parent=8"}],"curies":[{"name":"wp","href":"https:\/\/api.w.org\/{rel}","templated":true}]}}