{"id":551,"date":"2018-04-17T17:14:13","date_gmt":"2018-04-17T17:14:13","guid":{"rendered":"http:\/\/www.gura.coop\/portal\/?page_id=551"},"modified":"2023-04-06T14:09:48","modified_gmt":"2023-04-06T14:09:48","slug":"guracoop-digital","status":"publish","type":"page","link":"https:\/\/www.gura.coop\/portal\/guracoop-digital\/","title":{"rendered":"Guracoop Digital"},"content":{"rendered":"<p>[vc_row 0=&#8221;&#8221;][vc_column 0=&#8221;&#8221;][vc_row_inner 0=&#8221;&#8221;][vc_column_inner width=&#8221;1\/2&#8243; css=&#8221;.vc_custom_1523987075298{padding-top: 70px !important;}&#8221;][vc_column_text 0=&#8221;&#8221;]<\/p>\n<h2>ATH M\u00f3vil<\/h2>\n<p>Es el conveniente servicio para enviar y recibir dinero desde cualquier lugar, en tiempo real y a tu comodidad.<\/p>\n<p>Con ATH M\u00f3vil podemos;<\/p>\n<ul>\n<li>Enviar y recibir dinero de persona a persona desde tu celular o computadora<\/li>\n<li>Transferir dinero entre cuentas de diferentes bancos o cooperativas participantes<\/li>\n<li>Ver el balance de tus cuentas (solo de las tarjetas registradas en ATH M\u00f3vil)<\/li>\n<li>Ver historial de las transacciones realizadas en ATH M\u00f3vil<\/li>\n<li>M\u00e1ximo de envi\u00f3 es de $500.00 diario<\/li>\n<\/ul>\n<p>[\/vc_column_text][\/vc_column_inner][vc_column_inner width=&#8221;1\/2&#8243;][vc_single_image image=&#8221;554&#8243; img_size=&#8221;full&#8221; alignment=&#8221;center&#8221;][vc_btn title=&#8221;Divulgaci\u00f3n ATH M\u00f3vil&#8221; color=&#8221;primary&#8221; size=&#8221;lg&#8221; align=&#8221;center&#8221; link=&#8221;url:https%3A%2F%2Fwww.gura.coop%2Fportal%2Fwp-content%2Fuploads%2F2021%2F01%2FDIVULGACION-ATH-MOVIL.pdf|||&#8221;][\/vc_column_inner][\/vc_row_inner][vc_row_inner 0=&#8221;&#8221;][vc_column_inner width=&#8221;1\/4&#8243;][\/vc_column_inner][vc_column_inner width=&#8221;1\/2&#8243;][vc_single_image image=&#8221;555&#8243; img_size=&#8221;full&#8221;][\/vc_column_inner][vc_column_inner width=&#8221;1\/4&#8243;][\/vc_column_inner][\/vc_row_inner][\/vc_column][\/vc_row][vc_row 0=&#8221;&#8221;][vc_column 0=&#8221;&#8221;][vc_row_inner 0=&#8221;&#8221;][vc_column_inner 0=&#8221;&#8221;][vc_column_text 0=&#8221;&#8221;]<\/p>\n<h2>Circuito Cooperativo<\/h2>\n<p>El Circuito Cooperativo fue creado por Cooperativas que se unieron en un esfuerzo para brindarles una nueva alternativa de conveniencia al socio. Puedes visitar las Cooperativas con servicios de Sucursales compartidas.[\/vc_column_text][vc_single_image image=&#8221;557&#8243; img_size=&#8221;full&#8221; alignment=&#8221;center&#8221;][vc_single_image image=&#8221;558&#8243; img_size=&#8221;full&#8221; alignment=&#8221;center&#8221;][vc_column_text 0=&#8221;&#8221;]<\/p>\n<h3>Servicios que te ofrecemos<\/h3>\n<p><img loading=\"lazy\" class=\"alignnone size-full wp-image-560\" src=\"http:\/\/www.gura.coop\/portal\/wp-content\/uploads\/2018\/04\/check.png\" alt=\"\" width=\"20\" height=\"17\" \/>\u00a0Impresi\u00f3n de los estados de cuenta con las \u00faltimas diez (10) transacciones en las cuentas con saldos.<\/p>\n<p><img loading=\"lazy\" class=\"alignnone size-full wp-image-560\" src=\"http:\/\/www.gura.coop\/portal\/wp-content\/uploads\/2018\/04\/check.png\" alt=\"\" width=\"20\" height=\"17\" \/>\u00a0Pagos de todo tipo de pr\u00e9stamos, excepto saldos y pagos con m\u00e1s de 60 d\u00edas en atrasos. Se aceptan pagos en efectivo y en cheques.<\/p>\n<p><img loading=\"lazy\" class=\"alignnone size-full wp-image-560\" src=\"http:\/\/www.gura.coop\/portal\/wp-content\/uploads\/2018\/04\/check.png\" alt=\"\" width=\"20\" height=\"17\" \/>\u00a0Pagos por concepto de renovaci\u00f3n de p\u00f3lizas de seguro. Se aceptan pagos en efectivo y en cheques.<\/p>\n<p><img loading=\"lazy\" class=\"alignnone size-full wp-image-560\" src=\"http:\/\/www.gura.coop\/portal\/wp-content\/uploads\/2018\/04\/check.png\" alt=\"\" width=\"20\" height=\"17\" \/>\u00a0Transferencias entre las cuentas del socio, a cuentas de otros socios de la Cooperativa y a socios de otras cooperativas participantes<\/p>\n<p><img loading=\"lazy\" class=\"alignnone size-full wp-image-560\" src=\"http:\/\/www.gura.coop\/portal\/wp-content\/uploads\/2018\/04\/check.png\" alt=\"\" width=\"20\" height=\"17\" \/>\u00a0Dep\u00f3sitos de cheques y efectivo hasta un m\u00e1ximo de $2,900.<\/p>\n<p><img loading=\"lazy\" class=\"alignnone size-full wp-image-560\" src=\"http:\/\/www.gura.coop\/portal\/wp-content\/uploads\/2018\/04\/check.png\" alt=\"\" width=\"20\" height=\"17\" \/>\u00a0Retiros en forma de cheques y efectivo hasta un m\u00e1ximo de $2,900.[\/vc_column_text][vc_single_image image=&#8221;559&#8243; img_size=&#8221;full&#8221; alignment=&#8221;center&#8221;][\/vc_column_inner][\/vc_row_inner][vc_row_inner 0=&#8221;&#8221;][vc_column_inner 0=&#8221;&#8221;][vc_column_text 0=&#8221;&#8221;]<\/p>\n<h2>Text Coop<\/h2>\n<p>[\/vc_column_text][vc_single_image image=&#8221;562&#8243; img_size=&#8221;full&#8221; alignment=&#8221;center&#8221;][vc_column_text 0=&#8221;&#8221;]Mant\u00e9n el Control de tus finanzas por Mensajes de Texto:<br \/>\n<img loading=\"lazy\" class=\"alignnone size-full wp-image-560\" src=\"http:\/\/www.gura.coop\/portal\/wp-content\/uploads\/2018\/04\/check.png\" alt=\"\" width=\"20\" height=\"17\" \/>\u00a0Balance de cuentas de Ahorros y Cheques<br \/>\n<img loading=\"lazy\" class=\"alignnone size-full wp-image-560\" src=\"http:\/\/www.gura.coop\/portal\/wp-content\/uploads\/2018\/04\/check.png\" alt=\"\" width=\"20\" height=\"17\" \/>\u00a0Ultimas cinco (5) transacciones de tus cuentas de ahorros y Cheques<br \/>\n<img loading=\"lazy\" class=\"alignnone size-full wp-image-560\" src=\"http:\/\/www.gura.coop\/portal\/wp-content\/uploads\/2018\/04\/check.png\" alt=\"\" width=\"20\" height=\"17\" \/>\u00a0Balance de tu ultimo estado e Mastercard y pr\u00f3ximo pago<br \/>\n<img loading=\"lazy\" class=\"alignnone size-full wp-image-560\" src=\"http:\/\/www.gura.coop\/portal\/wp-content\/uploads\/2018\/04\/check.png\" alt=\"\" width=\"20\" height=\"17\" \/>\u00a0Horario de Sucursales<br \/>\n<img loading=\"lazy\" class=\"alignnone size-full wp-image-560\" src=\"http:\/\/www.gura.coop\/portal\/wp-content\/uploads\/2018\/04\/check.png\" alt=\"\" width=\"20\" height=\"17\" \/>\u00a0Env\u00eda comentarios y\/o sugerencias<br \/>\nTextea la palabra Men\u00fa al 1-805-500-2667 y comienza el proceso de activaci\u00f3n<br \/>\nTu cooperativa donde quieras y cuando quieras.[\/vc_column_text][\/vc_column_inner][\/vc_row_inner][\/vc_column][\/vc_row]<\/p>\n","protected":false},"excerpt":{"rendered":"<p>[vc_row 0=&#8221;&#8221;][vc_column 0=&#8221;&#8221;][vc_row_inner 0=&#8221;&#8221;][vc_column_inner width=&#8221;1\/2&#8243; css=&#8221;.vc_custom_1523987075298{padding-top: 70px !important;}&#8221;][vc_column_text 0=&#8221;&#8221;] ATH M\u00f3vil Es el conveniente servicio para enviar y recibir dinero desde cualquier lugar, en tiempo real<span class=\"excerpt-hellip\"> [\u2026]<\/span><\/p>\n","protected":false},"author":1,"featured_media":0,"parent":0,"menu_order":0,"comment_status":"closed","ping_status":"closed","template":"","meta":[],"_links":{"self":[{"href":"https:\/\/www.gura.coop\/portal\/wp-json\/wp\/v2\/pages\/551"}],"collection":[{"href":"https:\/\/www.gura.coop\/portal\/wp-json\/wp\/v2\/pages"}],"about":[{"href":"https:\/\/www.gura.coop\/portal\/wp-json\/wp\/v2\/types\/page"}],"author":[{"embeddable":true,"href":"https:\/\/www.gura.coop\/portal\/wp-json\/wp\/v2\/users\/1"}],"replies":[{"embeddable":true,"href":"https:\/\/www.gura.coop\/portal\/wp-json\/wp\/v2\/comments?post=551"}],"version-history":[{"count":8,"href":"https:\/\/www.gura.coop\/portal\/wp-json\/wp\/v2\/pages\/551\/revisions"}],"predecessor-version":[{"id":970,"href":"https:\/\/www.gura.coop\/portal\/wp-json\/wp\/v2\/pages\/551\/revisions\/970"}],"wp:attachment":[{"href":"https:\/\/www.gura.coop\/portal\/wp-json\/wp\/v2\/media?parent=551"}],"curies":[{"name":"wp","href":"https:\/\/api.w.org\/{rel}","templated":true}]}}